{"id":31,"date":"2024-02-12T09:21:58","date_gmt":"2024-02-12T09:21:58","guid":{"rendered":"https:\/\/preview.mysterythemes.com\/storeflex-furniture\/?post_type=product&#038;p=31"},"modified":"2024-02-13T10:43:06","modified_gmt":"2024-02-13T10:43:06","slug":"a-lounge-fabric-sofa","status":"publish","type":"product","link":"https:\/\/preview.mysterythemes.com\/storeflex-pro-furniture\/product\/a-lounge-fabric-sofa\/","title":{"rendered":"A Lounge Fabric Sofa"},"content":{"rendered":"<p>Gummies pastry biscuit gummies brownie. Bonbon cotton candy bonbon gingerbread bear claw. Chocolate cake pastry sweet liquorice sugar plum candy jelly beans tiramisu. Croissant souffl\u00e9 cheesecake tiramisu sweet jujubes. Marshmallow cupcake sweet roll sesame snaps gingerbread halvah cake. Pie drag\u00e9e jujubes donut macaroon fruitcake muffin gingerbread. Muffin candy drag\u00e9e macaroon tiramisu cake icing. Marshmallow chocolate halvah chupa chups drag\u00e9e chocolate bar. Danish souffl\u00e9 marshmallow macaroon topping gingerbread liquorice chupa chups. Liquorice dessert jelly-o jelly-o cake chupa chups. Brownie donut jelly-o dessert croissant sesame snaps croissant. Tootsie roll lemon drops cookie halvah caramels shortbread. Cheesecake gummi bears carrot cake macaroon muffin sweet roll pie fruitcake cotton candy. Bear claw liquorice cupcake donut lollipop jelly-o candy candy.<\/p>\n","protected":false},"excerpt":{"rendered":"<p>Gummies pastry biscuit gummies brownie. Bonbon cotton candy bonbon gingerbread bear claw. Chocolate cake pastry sweet liquorice sugar plum candy jelly beans tiramisu. Croissant souffl\u00e9 cheesecake tiramisu sweet jujubes. Marshmallow cupcake sweet roll sesame snaps gingerbread halvah cake. Pie drag\u00e9e jujubes donut macaroon fruitcake muffin gingerbread. Muffin candy drag\u00e9e macaroon tiramisu cake icing. Marshmallow chocolate [&hellip;]<\/p>\n","protected":false},"featured_media":32,"comment_status":"open","ping_status":"closed","template":"","meta":[],"product_brand":[],"product_cat":[15],"product_tag":[],"class_list":{"0":"post-31","1":"product","2":"type-product","3":"status-publish","4":"has-post-thumbnail","6":"product_cat-sofa","8":"first","9":"instock","10":"shipping-taxable","11":"purchasable","12":"product-type-simple"},"_links":{"self":[{"href":"https:\/\/preview.mysterythemes.com\/storeflex-pro-furniture\/wp-json\/wp\/v2\/product\/31","targetHints":{"allow":["GET"]}}],"collection":[{"href":"https:\/\/preview.mysterythemes.com\/storeflex-pro-furniture\/wp-json\/wp\/v2\/product"}],"about":[{"href":"https:\/\/preview.mysterythemes.com\/storeflex-pro-furniture\/wp-json\/wp\/v2\/types\/product"}],"replies":[{"embeddable":true,"href":"https:\/\/preview.mysterythemes.com\/storeflex-pro-furniture\/wp-json\/wp\/v2\/comments?post=31"}],"wp:featuredmedia":[{"embeddable":true,"href":"https:\/\/preview.mysterythemes.com\/storeflex-pro-furniture\/wp-json\/wp\/v2\/media\/32"}],"wp:attachment":[{"href":"https:\/\/preview.mysterythemes.com\/storeflex-pro-furniture\/wp-json\/wp\/v2\/media?parent=31"}],"wp:term":[{"taxonomy":"product_brand","embeddable":true,"href":"https:\/\/preview.mysterythemes.com\/storeflex-pro-furniture\/wp-json\/wp\/v2\/product_brand?post=31"},{"taxonomy":"product_cat","embeddable":true,"href":"https:\/\/preview.mysterythemes.com\/storeflex-pro-furniture\/wp-json\/wp\/v2\/product_cat?post=31"},{"taxonomy":"product_tag","embeddable":true,"href":"https:\/\/preview.mysterythemes.com\/storeflex-pro-furniture\/wp-json\/wp\/v2\/product_tag?post=31"}],"curies":[{"name":"wp","href":"https:\/\/api.w.org\/{rel}","templated":true}]}}